- a + p - 2. Suppose -4*n - 20 = -0*n. Give c(n).
-5
Let p(j) = -j - 15. Let c be p(-8). Let v(g) = 10*g**3 - 3*g**2 - 12*g - 4. Let l(w) = -7*w**3 + 2*w**2 + 8*w + 3. Let q(x) = c*l(x) - 5*v(x). Calculate q(3).
-7
Let c = 44 - 42. Suppose -3*v = -4*m + c, 5*v + 5*m = -0*v - 50. Let p(x) = x - 8. Calculate p(v).
-14
Let h(c) = c**3 + 6*c**2 + c + 12. Suppose -x + 5*v - 1 = 0, -4*x + 4*v - 1 = 19. Determine h(x).
6
Let g(b) = b + 9. Let u be g(-6). Suppose -u*s = -8*s - 40. Let p(r) = r**3 + 9*r**2 + 7*r - 2. Calculate p(s).
6
Let l(d) = -d**3 - 2*d**2 + 6. Let g be l(0). Suppose -3*w = -o - 11, 3*o + w = g*o + 9. Let a(h) = -12*h - 1. What is a(o)?
23
Suppose -5*w + 19 = 3*r, 4*r - 23 = -2*w - 7. Let k(x) = -19*x**2 + x - 1 + 18*x**w + 1. Suppose -4 = 3*b - 5*b. Determine k(b).
-2
Suppose 66 = 3*g + 45. Let z(m) be the third derivative of 0*m + g*m**2 + 1/2*m**3 + 0 + 1/60*m**5 + 1/12*m**4. What is z(-2)?
3
Let f(q) = 0*q - 4 + q - 2*q - 5. Let z be f(-4). Let k(u) be the first derivative of -u**3/3 - 2*u**2 + 4*u + 2. Calculate k(z).
-1
Let m(f) be the third derivative of -f**4/2 + f**3/3 - 23*f**2 + 5. What is m(-2)?
26
Suppose 5*k = 3*c + 2*c - 10, 0 = -k - 2. Suppose c = -r + s - 2, -3*r + s + 0 - 2 = 0. Let n be r/(-4 + (-1 - -4)). Let q(d) = d**2 - 5. What is q(n)?
-5
Let a(j) = -19*j + 8. Let t(l) = -13*l + 6. Let c(r) = -2*a(r) + 3*t(r). Let b be -1 + (-7)/(1 - 2). Calculate c(b).
-4
Let f be (-12)/3*14/(-8). Suppose -f*b = -2*b - 95. Let d = b - 14. Let o(c) = c**2 - 7*c + 7. What is o(d)?
-3
Let a(o) be the first derivative of o**3/3 - 13*o**2/2 + 10*o - 63. Give a(12).
-2
Let r = -8 + 13. Suppose 2*x = 29 - r. Suppose 5*m - x = m. Let w(u) = 2*u - 2. Calculate w(m).
4
Let l(r) = 2*r**2 + r - 4. Suppose f = -3*c - 19, f - 6 = 3*c + 5. What is l(f)?
24
Let a(i) be the first derivative of -42 + i**2 + 0*i**2 + 35 + i**3 - 4*i + 0*i**2. What is a(-3)?
17
Let p(x) be the third derivative of x**5/60 + 3*x**4/8 - 11*x**3/6 - 587*x**2. Calculate p(-8).
-19
Let s(f) be the third derivative of -f**8/20160 + f**7/720 + f**6/720 - 11*f**5/60 - 12*f**2. Let r(v) be the third derivative of s(v). What is r(6)?
7
Let k(p) = p**3 - 8*p**2 - 9*p - 3. Let h(d) = d**3 + 6*d**2 + 9. Let t be h(-6). Determine k(t).
-3
Let o(j) = -6 + 3 + 5 - 5*j. Let y(u) = u**2 - u + 1. Let t(g) = -o(g) - 2*y(g). Calculate t(4).
-8
Let w(f) = f**3 + f**2 - 1. Let z(u) = -2*u**3 - 3*u**2 - 4. Let o = -36 - -35. Let t(k) = o*z(k) - 3*w(k). Give t(0).
7
Let w = 49 - 50. Let m be 4 - (w - 1)/(6/(-6)). Let a(n) = -n**3 + 3*n**2 + 2*n - 3. Determine a(m).
5
Let u = 1 - -1. Let m(c) = c**2 + 2*c + 6 - u*c. Let a = -112 + 112. Give m(a).
6
Let l(g) = g + 5. Suppose -8 = -3*x - f, -4*x + 4*f = -x + 2. Suppose q - 3*t + 3 = -x*t, t = -3. What is l(q)?
-1
Let b(y) = 8 - 5*y + 15*y - 5*y + 0*y. Determine b(-6).
-22
Let b(u) be the first derivative of 2*u**2 + 60*u - 196. Calculate b(-15).
0
Let f(d) = -d**3 - 12*d**2 + 14*d + 18. Let s be f(-13). Let g = 3 - -1. Let j(u) = -u**2 + g + 2*u - u + u. What is j(s)?
-11
Let t = 2 + -1. Let d(x) = 13*x - 12*x + 352*x**2 - 349*x**2 - 1. Give d(t).
3
Let b(r) = 6*r**2 - 27*r - 92. Let w(m) = m**2 - 5*m - 18. Let s(c) = -2*b(c) + 11*w(c). What is s(0)?
-14
Let o(w) = w**3 + 8*w**2 - 10*w - 11. Suppose -17*f + 22*f - 10 = 0. Suppose -f*y = 0, -z - 10 = 3*y - 1. Give o(z).
-2
Let u(z) = -9*z**2 + z**3 - 57*z - 4 + 96*z - 49*z. Calculate u(10).
-4
Suppose -27*a - 34 + 304 = 0. Let i(z) = -4*z - 12. Determine i(a).
-52
Let z be 24/18*-6 - (0 - 0). Let b(n) = n**2 + 8*n + 9. Determine b(z).
9
Let m(i) = 4*i**2 + 2*i + 2. Let l(f) = 3*f**2 + 3*f + 4. Let z(h) = 5*l(h) - 4*m(h). What is z(9)?
-6
Let d(b) = b**3 - 14*b**2 + 10*b + 45. Let f be d(13). Let l(g) = 0 - g**3 + 0*g**2 - 2 + 2*g + f - 5*g**2. What is l(-5)?
-6
Let g be 0*(-1 - (2 - 2)). Suppose -3*t + 5 + 7 = g. Let n(v) = t*v + 0*v + 9 - 6*v. Calculate n(6).
-3
Let i = 10 - 4. Let j(l) = -l**2 - 8*l - 7. Let p be j(-8). Let q(o) = -2*o**2 + 8*o + 5. Let r(t) = 3*t**2 - 12*t - 7. Let u(w) = p*q(w) - 5*r(w). Give u(i).
-12
Suppose 9*d - 52*d = 97 - 484. Let n(x) = 5*x - 3*x + 5 - x. Calculate n(d).
14
Let o(w) = -2*w**2 + 5 - 3*w - 3*w**2 + 0*w**3 - w**3. Let r(d) = -d**2 - 9*d - 8. Let t be r(-8). Suppose t*u + 20 = -5*u. Calculate o(u).
1
Let h be (5 - 3)/(-2)*-17. Suppose h = -0*w + w. Let u(g) = w - 9 - g**3 - 5*g**2 - 10 - 4*g. Calculate u(-2).
-6
Let c(l) = 7*l**3 - 9*l**2 - 6*l - 3. Let w(s) = -6*s**3 + 8*s**2 + 6*s + 2. Let r(a) = 5*c(a) + 6*w(a). Calculate r(4).
5
Let g = -21 + 20. Let i(o) = o**2 - 2*o - 1. Let m be i(g). Let q(z) = 3 - 189*z**3 + 188*z**3 - 3*z - 8*z**2 + m*z**2. Calculate q(-5).
-7
Let t be -4*(0 + -3 - -2). Let l(d) = -1 - 89152*d - 5*d**2 + d**3 + 1 + 89155*d. Calculate l(t).
-4
Suppose -42*u - 4 = -44*u. Let p(n) be the first derivative of -1/4*n**4 + 2*n**u - 1 + 0*n**3 - 3*n. Calculate p(2).
-3
Suppose -64*l + 112 = -57*l. Let q(j) = j**2 - 16*j - 13. What is q(l)?
-13
Let w = -74 - -61. Let h = -10 - w. Let v(b) be the second derivative of b**3/3 + b**2/2 + b. Determine v(h).
7
Let s(r) = -2*r + 14. Let p(f) = -5*f + 43. Let v(k) = 3*p(k) - 8*s(k). Let x = -19 + 19. Let c(q) = q**2 + q. Let d be c(x). Give v(d).
17
Let n(j) = j**2 - 11*j + 4. Let s = 377 - 367. What is n(s)?
-6
Suppose -28 = -3*l - 7. Let z(f) = -f**2 + 7*f + 1 + l*f - 7*f. Suppose -51 - 14 = -13*r. What is z(r)?
11
Let b(f) = -32*f**2 + 2*f + 3. Let q(n) = 11*n**2 - n - 1. Let p(z) = 3*b(z) + 8*q(z). Let s = -907 + 908. What is p(s)?
-9
Let a be (7 - 7)*(1 + -2). Let p(f) be the second derivative of 6*f - 1/2*f**2 + 1/3*f**3 + a. What is p(-6)?
-13
Let d(v) = -v**3 + 10*v**2 - 17*v + 11. Suppose 7 = -31*o + 255. Determine d(o).
3
Let k be (-8)/10 - (-356)/20. Let d(s) = -15*s - 16*s - k*s + 49*s - 10. Give d(7).
-3
Let g(k) = 0 + 17 - 3*k + 4*k - 6*k. Give g(4).
-3
Let l(k) = k**2 - 49*k - 2. Let i be l(0). Let c(b) = 7*b**2 + 4*b + 4. What is c(i)?
24
Let p(h) = -h**3 + 3*h**2 + 2*h. Suppose 0 = -2*w + 3*u - 57, 5*w + 132 = -3*u - 0*u. Let s = 31 + w. What is p(s)?
-8
Let i(g) = 3*g**3 - 10*g**2 + 4*g - 9. Let j(a) = 13*a**3 - 42*a**2 + 15*a - 39. Let s(n) = -9*i(n) + 2*j(n). Give s(6).
-33
Suppose x = -2*x + 27. Let h(s) = -377*s - 10. Let r(t) = 1571*t + 41. Let d(y) = 25*h(y) + 6*r(y). Give d(x).
5
Let f(b) be the third derivative of 11/6*b**3 - 1/60*b**5 + 0*b + 12*b**2 + 0 - 7/24*b**4. Give f(-8).
3
Let x = -2 - 0. Let r(h) be the first derivative of h**3/2 + h**2/2 + 8*h - 4. Let m(w) be the first derivative of r(w). What is m(x)?
-5
Suppose 9 - 30 = -3*n. Let o(t) = 203 + 3*t + 2*t**2 - 205 - 3*t**2 + 4*t. Calculate o(n).
-2
Let f(q) = -q**3 - 3*q**2 + 6*q. Let p = 337 + -341. What is f(p)?
-8
Let j(w) be the second derivative of -w**3/2 - 3*w**2/2 + 109*w. Calculate j(-8).
21
Let o(m) = 57 + 59 - 2*m - 117. Let r be 24/(-16) - (-30)/4. What is o(r)?
-13
Let q = -1201 + 1201. Let t(u) = -3*u**2 - u + 3. Give t(q).
3
Let l(c) = -c + 3. Let p(a) = 4*a - 1. Let y(o) = -5*l(o) - p(o). Calculate y(-4).
-18
Let u be (1 - -2) + 1 + -2. Let c(m) = m**3 - 6*m + 11*m + m**u - 9*m - 3. Let f be 1*6/(-3) - 0. Calculate c(f).
1
Let y(i) = -i**2 - 4*i - 8*i - 5 - 7*i - i**2 + 14*i. Determine y(-5).
-30
Let g(u) = -u**3 + 4*u**2 - 2*u + 1. Let z(w) = w**2 + 11*w - 22. Let k be z(-13). Give g(k).
-7
Let j(c) = -3*c**2 - 6*c + 6. Let i(v) = -8*v**2 - 17*v + 17. Let o(x) = 6*i(x) - 17*j(x). Calculate o(-2).
12
Let m(j) = 40*j**2 + 4*j + 41*j**2 + 22*j**2 - 102*j**2 + 1. Let k be 1/((2/(-3))/2). What is m(k)?
-2
Let g(n) = 26*n - 122. Let m be g(5). Let j(k) = k - 13. What is j(m)?
-5
Let p(h) = h**2 + h - 1. Suppose 8*g = 3*g - 25, 2*d - 26 = 4*g. Suppose -2*w + 0*i = 4*i + 14, i + d = 0. Give p(w).
-1
Let u(z) be the second derivative of -4/3*z**3 + 0 + 0*z**2 - 7*z. Give u(-1).
8
Let v(d) = 3*d**3 - 4*d**3 - 1 + 147*d**2 - 164*d**2 + 20 + 19*d. What is v(-18)?
1
Let j = -1115 + 3346/3. Let k(d) be the third derivative of 1/120*d**6 + j*d**3 + 0*d - 12*d**2 + 0 - 1/60*d**5 - 1/24*d**4. What is k(2)?
4
Let m(a) = a**2 + 4*a + 6. Let b(r) = r**3 + 2*r**2 - 2*r - 8. Let n be b(0). Determine m(n).
38
Let m(c) = 2*c - 2. Suppose -5*j = 4*t + 11, -j = -2*j - 5*t - 19. What is m(j)?
0
Let p be (9/(